Calculate the remainder when 27191279 is divided by 268.
267
Calculate the remainder when 345260 is divided by 7.
6
What is the remainder when 594917 is divided by 126?
71
Calculate the remainder when 2883517 is divided by 40.
37
Calculate the remainder when 169149 is divided by 5744.
2573
Calculate the remainder when 1512365 is divided by 48783.
92
What is the remainder when 1762476 is divided by 1762237?
239
Calculate the remainder when 160267 is divided by 17696.
1003
Calculate the remainder when 2910322 is divided by 15.
7
Calculate the remainder when 315732 is divided by 45.
12
What is the remainder when 742121 is divided by 123526?
965
What is the remainder when 4957433 is divided by 384?
377
Calculate the remainder when 36557707 is divided by 36.
31
Calculate the remainder when 47129085 is divided by 428446.
25
What is the remainder when 8742157 is divided by 874213?
27
Calculate the remainder when 138865294 is divided by 21.
1
What is the remainder when 2873870 is divided by 55?
10
What is the remainder when 328861 is divided by 103?
85
What is the remainder when 82545131 is divided by 946?
9
What is the remainder when 3524228 is divided by 96?
68
Calculate the remainder when 39968186 is divided by 19984086.
14
Calculate the remainder when 44318 is divided by 2688.
1310
Calculate the remainder when 67841 is divided by 756.
557
Calculate the remainder when 3416202 is divided by 2076.
1182
Calculate the remainder when 2521684 is divided by 99.
55
Calculate the remainder when 391235 is divided by 1621.
574
Calculate the remainder when 1256858 is divided by 260.
18
Calculate the remainder when 95679555 is divided by 4626.
4623
Calculate the remainder when 276488 is divided by 276402.
86
Calculate the remainder when 39224303 is divided by 441.
440
What is the remainder when 55881 is divided by 10231?
4726
What is the remainder when 218011 is divided by 1393?
703
Calculate the remainder when 434039 is divided by 287.
95
What is the remainder when 992323 is divided by 75?
73
Calculate the remainder when 618061 is divided by 202787.
9700
Calculate the remainder when 234116 is divided by 112.
36
Calculate the remainder when 159466922 is divided by 147.
146
What is the remainder when 995325 is divided by 222?
99
What is the remainder when 3467722 is divided by 1155903?
13
Calculate the remainder when 489632 is divided by 175.
157
Calculate the remainder when 6118881 is divided by 165.
21
Calculate the remainder when 7894457 is divided by 950.
907
What is the remainder when 59044146 is divided by 8434877?
7
Calculate the remainder when 5381150 is divided by 20.
10
Calculate the remainder when 17081464 is divided by 40.
24
What is the remainder when 303391 is divided by 9427?
1727
Calculate the remainder when 367008 is divided by 183501.
6
Calculate the remainder when 1696429 is divided by 10.
9
Calculate the remainder when 587067 is divided by 964.
955
What is the remainder when 144327 is divided by 36036?
183
What is the remainder when 560084 is divided by 7180?
44
Calculate the remainder when 763612 is divided by 196.
192
Calculate the remainder when 19326699 is divided by 1615.
1609
What is the remainder when 26157648 is divided by 17722?
17698
What is the remainder when 65951 is divided by 145?
121
What is the remainder when 1028529 is divided by 46749?
51
What is the remainder when 1561621 is divided by 17546?
27
What is the remainder when 1902399 is divided by 95119?
19
Calculate the remainder when 53601 is divided by 2463.
1878
Calculate the remainder when 13935 is divided by 6335.
1265
Calculate the remainder when 662187 is divided by 7978.
13
Calculate the remainder when 2458899 is divided by 273210.
9
What is the remainder when 30639407 is divided by 1829?
1828
What is the remainder when 316778 is divided by 105514?
236
Calculate the remainder when 1081325 is divided by 7509.
29
What is the remainder when 2347655 is divided by 1134?
275
What is the remainder when 46622 is divided by 486?
452
What is the remainder when 119207437 is divided by 6101?
6099
Calculate the remainder when 29650 is divided by 314.
134
What is the remainder when 845109 is divided by 2156?
2113
Calculate the remainder when 1128021 is divided by 838.
73
Calculate the remainder when 62662322 is divided by 969.
968
What is the remainder when 2876488 is divided by 1885?
1863
What is the remainder when 3433733 is divided by 381510?
143
Calculate the remainder when 310146 is divided by 2215.
46
Calculate the remainder when 651628 is divided by 72338.
586
Calculate the remainder when 280277635 is divided by 1845.
1840
Calculate the remainder when 7898444 is divided by 369.
368
Calculate the remainder when 251409024 is divided by 45.
9
What is the remainder when 6262259 is divided by 1565555?
39
What is the remainder when 10951 is divided by 9996?
955
What is the remainder when 4820826 is divided by 4820657?
169
Calculate the remainder when 139614 is divided by 46249.
867
Calculate the remainder when 712931 is divided by 2135.
1976
What is the remainder when 28933671 is divided by 413338?
11
What is the remainder when 53860 is divided by 5400?
5260
What is the remainder when 14953 is divided by 4977?
22
What is the remainder when 294223165 is divided by 16?
13
Calculate the remainder when 291297 is divided by 4552.
4521
Calculate the remainder when 22016534 is divided by 67.
66
Calculate the remainder when 6647587 is divided by 164.
11
Calculate the remainder when 14319008 is divided by 1028.
1024
Calculate the remainder when 1536431 is divided by 5038.
4879
Calculate the remainder when 17690774 is divided by 759.
2
What is the remainder when 1500181 is divided by 498979?
3244
Calculate the remainder when 3257247 is divided by 1728.
1695
Calculate the remainder when 8314032 is divided by 13.
12
What is the remainder when 24620001 is divided by 2939?
2937
What is the remainder when 768922 is divided by 6?
4
Calculate the remainder when 567949 is divided by 94.
1
What is the remainder when 978357 is divided by 33717?
564
What is the remainder when 1049932 is divided by 3231?
3088
What is the remainder when 853625 is divided by 4018?
1809
What is the remainder when 1816691 is divided by 8734?
19
Calculate the remainder when 1311426 is divided by 144.
18
What is the remainder when 1235920 is divided by 61792?
80
What is the remainder when 906817 is divided by 30225?
67
What is the remainder when 28342270 is divided by 14?
12
Calculate the remainder when 755427 is divided by 37768.
67
Calculate the remainder when 3521570 is divided by 1839.
1724
What is the remainder when 3030482 is divided by 1010126?
104
What is the remainder when 3542 is divided by 1258?
1026
What is the remainder when 2721590 is divided by 100?
90
What is the remainder when 6843368 is divided by 875?
868
What is the remainder when 31256947 is divided by 15628463?
21
What is the remainder when 20358195 is divided by 124?
123
What is the remainder when 165460 is divided by 26?
22
What is the remainder when 1150470 is divided by 780?
750
What is the remainder when 1884618 is divided by 23?
21
Calculate the remainder when 20041950 is divided by 3668.
3666
Calculate the remainder when 25950477 is divided by 7143.
7101
What is the remainder when 1136811 is divided by 45?
21
Calculate the remainder when 75399835 is divided by 2444.
2435
What is the remainder when 518275 is divided by 3070?
2515
Calculate the remainder when 3724707 is divided by 2701.
28
What is the remainder when 2444503 is divided by 611038?
351
Calculate the remainder when 22279810 is divided by 2475533.
13
What is the remainder when 815484 is divided by 407732?
20
What is the remainder when 87826261 is divided by 2726?
2719
Calculate the remainder when 15239 is divided by 1383.
26
What is the remainder when 5216614 is divided by 27?
25
What is the remainder when 12100714 is divided by 151?
27
What is the remainder when 3354558 is divided by 1275?
33
What is the remainder when 4059494 is divided by 53?
12
Calculate the remainder when 4054136 is divided by 1707.
11
What is the remainder when 2137292 is divided by 791?
10
Calculate the remainder when 7414447 is divided by 324.
31
Calculate the remainder when 6168392 is divided by 1161.
1160
